 what is a396 - -8a?
a475
In base 13, what is -b5ab21 - -2?
-b5ab1c
In base 12, what is 25 - 138ab?
-13886
In base 2, what is -1100 - 1111000001?
-1111001101
In base 13, what is -5ac + b0?
-4cc
In base 14, what is 3d74 - -b?
3d81
In base 9, what is -2 + 15514?
15512
In base 10, what is 92 + -4527?
-4435
In base 5, what is -22301 - -3433?
-13313
In base 4, what is -120 - -32101222?
32101102
In base 15, what is -ba8 - -10c?
-a9b
In base 14, what is -2 - -36d?
36b
In base 6, what is 0 - -423154?
423154
In base 9, what is -10856 + -127?
-11084
In base 9, what is -407 + -430?
-837
In base 14, what is 3 - -6b6d1?
6b6d4
In base 2, what is 11100111111011001100 + -11?
11100111111011001001
In base 8, what is 4 - -441577?
441603
In base 4, what is -2203310 + -1?
-2203311
In base 10, what is -3 + -334880?
-334883
In base 5, what is 201344004 - -1?
201344010
In base 4, what is 1030031311 + -2?
1030031303
In base 2, what is 10100111001111011 - -100?
10100111001111111
In base 16, what is 79c3 - 2?
79c1
In base 6, what is -503001 + -20?
-503021
In base 6, what is -43214 - -2?
-43212
In base 5, what is 414 - 130033?
-124114
In base 8, what is 2062145 - 1?
2062144
In base 7, what is -64 + 103010?
102613
In base 4, what is -12 + 1110110?
1110032
In base 3, what is -11010201 - 201?
-11011102
In base 16, what is 539 + 4?
53d
In base 3, what is 210100 + 212111?
1122211
In base 8, what is -2065400 + -2?
-2065402
In base 15, what is 92 - -762?
804
In base 5, what is 1 + -1204000?
-1203444
In base 6, what is 42 - -134023?
134105
In base 2, what is 1 - -1100110010000110001?
1100110010000110010
In base 14, what is -8 + 71?
67
In base 3, what is -112001112 + -10002?
-112011121
In base 10, what is -47 + 5443?
5396
In base 6, what is 534 + 1334?
2312
In base 5, what is 1221422 + -10?
1221412
In base 7, what is -113 - 6225?
-6341
In base 15, what is 15e9c - -2?
15e9e
In base 16, what is -188 + d59?
bd1
In base 11, what is 22 - 2999?
-2977
In base 11, what is 6669 - -a?
6678
In base 2, what is 111 - -11000100100111?
11000100101110
In base 12, what is 32b07 - 3?
32b04
In base 14, what is 105416 + 0?
105416
In base 13, what is 4 - 328ba?
-328b6
In base 11, what is a - 17595?
-17586
In base 13, what is -227 - 2c8?
-522
In base 8, what is -10 - -73523?
73513
In base 15, what is ae6a + 5?
ae70
In base 5, what is 2101404 - 11?
2101343
In base 11, what is 70a2 + 2?
70a4
In base 3, what is 10 + 12100201?
12100211
In base 6, what is -55 + 1030531?
1030432
In base 12, what is -2 + 13263?
13261
In base 2, what is 110010000111011001 + 11?
110010000111011100
In base 9, what is -343832 - -5?
-343826
In base 10, what is -292 + -22721?
-23013
In base 13, what is 19483 + -2?
19481
In base 10, what is -910 - -343?
-567
In base 7, what is -31666 + 144?
-31522
In base 13, what is 34a3 + -2?
34a1
In base 13, what is 8911 + -5?
8909
In base 3, what is 11 - -221210011222?
221210012010
In base 15, what is 1 + -5888?
-5887
In base 4, what is 102133131 + -10?
102133121
In base 2, what is -10000101100 - 11100?
-10001001000
In base 5, what is -321001 - -4?
-320442
In base 11, what is -2 + 2274?
2272
In base 10, what is 386 - -46?
432
In base 9, what is -2177 - -50?
-2127
In base 3, what is 2122222 - -10?
2200002
In base 15, what is 3c8a2 + -1?
3c8a1
In base 9, what is -2 - -24470?
24467
In base 3, what is -1002210 - 2102?
-1012012
In base 5, what is -44022214 + 21?
-44022143
In base 11, what is 0 - -6a0756?
6a0756
In base 3, what is -1 + 1010121012?
1010121011
In base 4, what is -13 - 20312313?
-20312332
In base 16, what is c1 + d0?
191
In base 6, what is -5055401 - -1?
-5055400
In base 13, what is 1 - ba0b1?
-ba0b0
In base 14, what is -3 - -37d8?
37d5
In base 12, what is -2 + 1426?
1424
In base 5, what is -112 + -12412?
-13024
In base 12, what is -31 + -410?
-441
In base 16, what is -46 - -2fb6?
2f70
In base 5, what is -1 - -230111?
230110
In base 11, what is 17 - -4388?
43a4
In base 6, what is 15 - -123331?
123350
In base 2, what is -1001 + 10111011000111110?
10111011000110101
In base 5, what is 2 - 1031223?
-1031221
In base 6, what is -430 + 3050?
2220
In base 12, what is 276 + 1542?
17b8
In base 2, what is -10111 + 100000111001?
100000100010
In base 16, what is -1b + -d1d3?
-d1ee
In base 16, what is 1 + -265?
-264
In base 5, what is -3021414000 + -10?
-3021414010
In base 7, what is 1030 + -51?
646
In base 14, what is 0 - -14b3b?
14b3b
In base 10, what is 153 + -1767?
-1614
In base 5, what is -131213 + -10?
-131223
In base 6, what is 2220 + 11?
2231
In base 8, what is -7 + 32066?
32057
In base 5, what is 2114 + 114?
2233
In base 4, what is -2 + 310031121?
310031113
In base 14, what is -17 + 204c9?
204b2
In base 11, what is -4a548 + -a?
-4a557
In base 7, what is -23511 + -50?
-23561
In base 3, what is 10211001 - 10222?
10200002
In base 2, what is 101 + -10110011001100?
-10110011000111
In base 15, what is -1d4e + 6?
-1d48
In base 14, what is 1 - -c40?
c41
In base 11, what is -50 - 4074?
-4114
In base 10, what is 6931 + -4?
6927
In base 10, what is -12108 + -10?
-12118
In base 6, what is 24 + 40515?
40543
In base 16, what is -9a76 - -c?
-9a6a
In base 9, what is 3570 + -34?
3535
In base 10, what is 6861 + 3?
6864
In base 16, what is 689 - 19b?
4ee
In base 10, what is 19 + -19924?
-19905
In base 8, what is 213263 - -3?
213266
In base 4, what is 132 - -1113312?
1120110
In base 8, what is -2516 - 14?
-2532
In base 3, what is -1 - 21102111202?
-21102111210
In base 13, what is -52 - -566?
514
In base 8, what is -77346 + 2?
-77344
In base 11, what is 20 + 82881?
828a1
In base 10, what is -63896 + -1?
-63897
In base 3, what is -1120 - -201212?
200022
In base 6, what is -1 + 335531?
335530
In base 12, what is 262881 + 3?
262884
In base 7, what is 151 - -14656?
15140
In base 16, what is 3 - 7a03?
-7a00
In base 3, what is -2 + 202220021201?
202220021122
In base 2, what is 110 - -1110010010101111?
1110010010110101
In base 15, what is 8d0162 - 5?
8d015c
In base 2, what is -11100001 - -111100110?
100000101
In base 8, what is -10 + -20365?
-20375
In base 14, what is -158543a - 2?
-158543c
In base 10, what is 6 + 6868?
6874
In base 3, what is -11 + 122220101?
122220020
In base 3, what is 1100120100202 - -1?
1100120100210
In base 9, what is -733 - 1031?
-1764
In base 10, what is 334281 + 5?
334286
In base 3, what is -11 + 120020022200?
120020022112
In base 13, what is c782 + -56?
c729
In base 3, what is -1100020 + 102120?
-220200
In base 3, what is -2220112000 + -1?
-2220112001
In base 15, what is -2 - -a144?
a142
In base 9, what is 878 - -84?
1073
In base 15, what is b + -2ac07?
-2abeb
In base 7, what is -16 - 244264?
-244313
In base 16, what is 22a0c9 + 0?
22a0c9
In base 3, what is -1221021 + 2111?
-1211210
In base 8, what is -3 + 125034?
125031
In base 9, what is -121 + -326?
-447
In base 16, what is 337 + -a?
32d
In base 16, what is 24 + 28c5?
28e9
In base 10, what is -8 + 38916?
38908
In base 16, what is -14283 + c?
-14277
In base 9, what is 5 + 28180?
28185
In base 8, what is -351664 + 3?
-351661
In base 16, what is e3 - -3a?
11d
In base 6, what is -1113 + -1500?
-3013
In base 13, what is -5 + 213b?
2136
In base 16, what is 125c - -d?
1269
In base 11, what is -35 + 401?
377
In base 9, what is 18413 + 16?
18430
In base 5, what is -2 - -24130043?
24130041
In base 7, what is 422 + 2256?
3011
In base 9, what is -6 - -128056?
128050
In base 11, what is -170118 + -1?
-170119
In base 5, what is -4 - 330230?
-330234
In base 4, what is 22020010 - 1?
22020003
In base 7, what is -3 - 41061?
-41064
In base 11, what is -121 - -215?
a4
In base 13, what is 5 - 786a?
-7865
In base 5, what is -32030 + -4434?
-42014
In base 15, what is -1 - -6b02c?
6b02b
In base 3, what is 10210121001 + -10?
10210120221
In base 2, what is 1010111101 - -10101101001?
100000100110
In base 16, what is 3 - -245f?
2462
In base 11, what is -73657 - 2?
-73659
In base 8, what is -225335 + 2?
-225333
In base 8, what is 0 - 266007?
-266007
In base 13, what is 43 + 33815?
33858
In base 7, what is -5 + 500?
462
In base 12, what is 32b4 + -13b?
3175
In base 13, what is c8383 - 5?
c837b
In base 6, what is -123 - 203435?
-204002
In base 3, what is 1 + -2210000220?
-2210000212
In base 14, what is -a0b427 - 5?
-a0b42c
In base 12, what is 33 - 33a2?
-336b
In ba